85 a multiple of 4?
False
Does 15 divide 13035?
True
Is 3390 a multiple of 10?
True
Is 10 a factor of 204?
False
Does 5 divide 1915?
True
Does 4 divide 5026?
False
Is 13 a factor of 1698?
False
Does 10 divide 51?
False
Is 360 a factor of 12853?
False
Does 18 divide 2664?
True
Is 338 a multiple of 9?
False
Does 8 divide 960?
True
Is 292 a multiple of 8?
False
Is 411 a multiple of 25?
False
Is 10 a factor of 2731?
False
Does 17 divide 7858?
False
Is 162 a multiple of 4?
False
Is 130 a factor of 29510?
True
Is 516 a multiple of 12?
True
Is 9 a factor of 763?
False
Is 145878 a multiple of 123?
True
Does 41 divide 1107?
True
Is 13 a factor of 9402?
False
Is 106 a multiple of 53?
True
Is 36192 a multiple of 13?
True
Is 66 a factor of 6468?
True
Is 17556 a multiple of 19?
True
Is 5 a factor of 62?
False
Is 27 a factor of 3348?
True
Is 61 a factor of 1258?
False
Is 20059 a multiple of 14?
False
Is 10868 a multiple of 14?
False
Is 50 a factor of 850?
True
Does 72 divide 2285?
False
Is 68 a multiple of 68?
True
Is 52 a factor of 1196?
True
Does 6 divide 4674?
True
Is 2666 a multiple of 43?
True
Is 38718 a multiple of 18?
True
Is 441 a multiple of 63?
True
Is 15 a factor of 1813?
False
Is 76 a factor of 3192?
True
Does 17 divide 51?
True
Is 53 a factor of 7791?
True
Is 44268 a multiple of 186?
True
Is 94556 a multiple of 44?
True
Is 42 a factor of 3139?
False
Is 353 a multiple of 26?
False
Is 114 a factor of 13908?
True
Does 11 divide 406?
False
Is 24 a factor of 269?
False
Is 12 a factor of 5604?
True
Is 58 a factor of 25636?
True
Does 17 divide 22066?
True
Is 9888 a multiple of 206?
True
Is 10 a factor of 7650?
True
Is 3035 a multiple of 30?
False
Is 1892 a multiple of 11?
True
Is 12649 a multiple of 10?
False
Is 209 a multiple of 6?
False
Does 3 divide 266?
False
Is 14 a factor of 322?
True
Does 17 divide 10761?
True
Is 209 a multiple of 36?
False
Is 10092 a multiple of 20?
False
Does 36 divide 13680?
True
Does 13 divide 472?
False
Is 649 a multiple of 12?
False
Does 61 divide 10893?
False
Does 38 divide 10564?
True
Is 391 a multiple of 14?
False
Is 14762 a multiple of 22?
True
Is 31 a factor of 217?
True
Is 2228 a multiple of 13?
False
Is 30657 a multiple of 48?
False
Is 19 a factor of 304?
True
Does 32 divide 39008?
True
Is 420 a multiple of 30?
True
Is 7956 a multiple of 13?
True
Is 2730 a multiple of 7?
True
Does 11 divide 329?
False
Is 20 a factor of 326?
False
Is 29420 a multiple of 10?
True
Does 6 divide 536?
False
Is 11 a factor of 19811?
True
Does 296 divide 25456?
True
Does 7 divide 27020?
True
Is 57815 a multiple of 12?
False
Is 57 a factor of 20520?
True
Is 50650 a multiple of 25?
True
Is 12 a factor of 42660?
True
Is 1040 a multiple of 27?
False
Is 5 a factor of 287?
False
Does 22 divide 12034?
True
Is 1644 a multiple of 174?
False
Does 7 divide 6489?
True
Is 814 a multiple of 2?
True
Is 84 a multiple of 4?
True
Is 2990 a multiple of 13?
True
Is 495 a multiple of 3?
True
Does 34 divide 7073?
False
Is 2030 a multiple of 12?
False
Does 44 divide 220?
True
Is 611 a multiple of 11?
False
Is 3167 a multiple of 31?
False
Is 23120 a multiple of 85?
True
Is 56 a factor of 216?
False
Is 10 a factor of 1351?
False
Is 140 a multiple of 17?
False
Is 7 a factor of 440?
False
Is 749 a multiple of 14?
False
Is 23416 a multiple of 4?
True
Is 2220 a multiple of 5?
True
Is 35 a multiple of 7?
True
Does 131 divide 2213?
False
Is 10 a factor of 197?
False
Is 612 a multiple of 9?
True
Is 290 a multiple of 3?
False
Does 13 divide 377?
True
Is 366 a factor of 5490?
True
Is 20 a factor of 12600?
True
Is 25650 a multiple of 50?
True
Is 11 a factor of 19651?
False
Is 5728 a multiple of 98?
False
Is 7883 a multiple of 27?
False
Does 6 divide 574?
False
Does 12 divide 15626?
False
Is 116 a factor of 51978?
False
Is 33549 a multiple of 82?
False
Is 28 a factor of 196?
True
Does 33 divide 612?
False
Is 24 a factor of 37302?
False
Is 68492 a multiple of 135?
False
Is 1976 a multiple of 13?
True
Is 60 a factor of 8520?
True
Does 6 divide 3927?
False
Does 119 divide 881?
False
Is 879 a multiple of 3?
True
Is 2480 a multiple of 124?
True
Is 30 a factor of 690?
True
Is 204 a multiple of 34?
True
Is 33 a factor of 1450?
False
Is 11 a factor of 451?
True
Is 3 a factor of 3065?
False
Is 616 a multiple of 14?
True
Is 450 a multiple of 22?
False
Is 346 a multiple of 36?
False
Does 47 divide 1138?
False
Is 7 a factor of 637?
True
Is 2557 a multiple of 60?
False
Is 265 a multiple of 20?
False
Is 32 a factor of 9880?
False
Is 56 a factor of 1064?
True
Does 44 divide 10252?
True
Is 14 even?
True
Is 23 a factor of 230?
True
Does 2 divide 302?
True
Is 36 a factor of 174?
False
Is 30 a factor of 1534?
False
Is 50 a factor of 3350?
True
Is 11 a factor of 77?
True
Does 28 divide 1680?
True
Is 18 a factor of 288?
True
Does 9 divide 8721?
True
Does 9 divide 4401?
True
Does 36 divide 39678?
False
Is 176 a multiple of 22?
True
Is 2321 a multiple of 54?
False
Does 4 divide 5281?
False
Does 66 divide 843?
False
Is 20 a factor of 85995?
False
Is 11 a factor of 14378?
False
Is 89 a factor of 8277?
True
Does 51 divide 799?
False
Does 72 divide 64152?
True
Is 4858 a multiple of 14?
True
Does 38 divide 1034?
False
Is 58 a factor of 218?
False
Is 9292 a multiple of 46?
True
Does 93 divide 31001?
False
Does 48 divide 3360?
True
Is 186 a factor of 19716?
True
Is 26 a factor of 13650?
True
Is 8 a factor of 160?
True
Is 15 a factor of 47330?
False
Is 6 a factor of 14?
False
Is 1320 a multiple of 66?
True
Does 14 divide 626?
False
Is 70 a factor of 27646?
False
Does 59 divide 43483?
True
Is 127 a factor of 1397?
True
Is 15 a factor of 2946?
False
Is 5 a factor of 1508?
False
Is 1776 a multiple of 8?
True
Is 149 a factor of 13112?
True
Does 31 divide 3629?
False
Does 19 divide 9557?
True
Does 8 divide 3372?
False
Is 47 a factor of 5219?
False
Does 110 divide 16195?
False
Is 2844 a multiple of 79?
True
Does 48 divide 11520?
True
Is 2742 a multiple of 96?
False
Does 50 divide 8650?
True
Is 282 a multiple of 11?
False
Does 8 divide 80?
True
Is 49 a factor of 8183?
True
Is 21 a factor of 1541?
False
Is 16061 a multiple of 33?
False
Is 425 a multiple of 11?
False
Is 37 a factor of 1554?
True
Does 23 divide 14030?
True
Does 3 divide 216?
True
Is 59 a factor of 11210?
True
Is 710 a multiple of 5?
True
Is 56 a factor of 784?
True
Is 1902 a multiple of 34?
False
Is 25 a factor of 1875?
True
Is 5 a factor of 4840?
True
Is 17 a factor of 3298?
True
Does 10 divide 55370?
True
Does 41 divide 41057?
False
Is 10 a factor of 740?
True
Is 5 a factor of 9122?
False
Is 321 a multiple of 29?
False
Does 178 divide 52697?
False
Is 9 a factor of 90?
True
Is 5 a factor of 2331?
False
Is 69 a multiple of 3?
True
Is 1819 a multiple of 54?
False
Is 15 a factor of 7520?
False
Is 16 a factor of 368?
True
Is 5 a factor of 135?
True
Is 13 a factor of 377?
True
Is 47 a factor of 505?
False
Is 14 a factor of 1722?
True
Does 8 divide 37736?
True
Is 122 a factor of 29768?
True
Is 7 a factor of 27958?
True
Is 48 a factor of 6096?
True
Is 1026 a multiple of 57?
True
Is 16 a factor of 720?
True
Is 774 a multiple of 86?
True
Is 11 a factor of 605?
True
Is 23 a factor of 3611?
True
Does 50 divide 1000?
True
Does 22 divide 2078?
False
Does 6 divide 31647?
False
Is 36 a multiple of 6?
True
Is 8 a factor of 272?
True
Does 11 divide 2188?
False
Is 72 a factor of 731?
False
Is 1341 a multiple of 3?
True
Is 11 a factor of 955?
False
Is 4 a factor of 933?
False
Is 4453 a multiple of 16?
False
Is 3397 a multiple of 45?
False
Is 2444 a multiple of 6?
False
Does 4 divide 1734?
False
Does 49 divide 2798?
False
Does 36 divide 9432?
True
Does 8 divide 1320?
True
Is 3034 a multiple of 37?
True
Is 72 a factor of 4105?
False
Is 266 a multiple of 19?
True
Does 24 divide 11592?
True
Does 15 divide 212?
False
Is 558 a multiple of 93?
True
Is 770 a multiple of 55?
True
Is 29 a factor of 35300?
False
Is 13 a factor of 4160?
True
Does 322 divide 89671?
False
Is 9 a factor of 1023?
False
Is 20 a factor of 4974?
False
Is 8715 a multiple of 71?
False
Does 29 divide 42?
False
Is 10 a factor of 3800?
True
Does 6 divide 37282?
False
Is 65 a factor of 14858?
False
Is 882 a multiple of 98?
True
Does 89 divide 18496?
False
Does 10 divide 21370?
True
Is 113 a factor of 